
What is the units digit of (-10928)/(-60) + 6/(-45)?
2
Let v(a) be the second derivative of 0 + 1/2*a**3 + a + 1/12*a**4 + 5/2*a**2. What is the units digit of v(-4)?
9
Let q(m) be the second derivative of -m**4/12 - m**3/6 + 9*m**2 + 2*m. What is the tens digit of q(0)?
1
Suppose -z + 3*a + 79 = 0, -5*z - a + 0*a = -331. Suppose 0*p - s + 32 = p, s = 2*p - z. What is the units digit of p?
3
Let h = 55 - 32. Let t = 40 - h. What is the tens digit of t?
1
Let j be (-1 - (1 - 1)) + 13. Suppose 2*u - 5*u = -9. Suppose -14 = -2*l + f, u*l = -3*f + j - 0. What is the units digit of l?
6
Let t = 9 + -4. Suppose -t*z = p - 4*z - 3, 0 = 2*z. What is the units digit of p?
3
Let a(i) = -i**3 + i + 2. Let r be a(-2). Let t be (r - 0)/((-4)/4). Let z = t - -12. What is the units digit of z?
4
What is the units digit of -11*(3 + -4 + 0)?
1
Suppose 4*i - 10 = -i. Let w(u) = 2*u**2 - 2*u - 1. Let q be w(i). Suppose 4*n + q*v - 21 = 6, 2*n + 4 = 2*v. What is the units digit of n?
3
Suppose 0 = 5*a + 2*f + 1 - 37, 3*a = -3*f + 18. Let d(q) = -q**2 + 11*q - 12. What is the tens digit of d(a)?
1
Let b(s) = s**2 - 5*s - 1. Let h be b(5). What is the units digit of h/2*2 + 4?
3
Let j be 4 + -1 + 3 + -2. Suppose 5 + 7 = -j*m. Let h = m - -13. What is the tens digit of h?
1
Suppose -5*l + 2*k = -189, -2*l = -4*l - 3*k + 87. What is the units digit of l?
9
What is the units digit of 1 + (21 - -1) + -2?
1
Suppose 4*h = s + 116, 3*h - 4*s = -0*h + 100. Suppose 0 = -u + h + 8. What is the units digit of u?
6
Suppose 0 = -5*v - b + 5, -2*v + 2*b - 10 = -0*b. Suppose 4*t = -v*t. Let s(c) = c + 6. What is the units digit of s(t)?
6
What is the tens digit of -4*(3 + (-205)/20)?
2
Suppose -2*z = 4*c - 28, -3 - 4 = -2*z + 3*c. Let y = z + 1. What is the units digit of y?
9
Let t = 94 + -47. What is the units digit of t?
7
Let b(m) be the first derivative of 4*m**3 - 1/4*m**4 - 11*m - 3 - 9/2*m**2. What is the units digit of b(11)?
1
Let b(o) = -o - 3. Let r be b(-5). Let g be (r + -1)/((-2)/(-14)). Suppose 3*y + 20 = g*y. What is the units digit of y?
5
Let c = -12 + 14. Suppose -37 = -c*f - 7. What is the tens digit of f?
1
Let a(j) = -10*j - 1. Let t = 1 - 3. What is the units digit of a(t)?
9
Suppose 0 = s + 3*s - 12. Suppose -6 = -s*m + 12. What is the units digit of m?
6
Let d(n) = -n + 1. Let h be (0*(-3)/9)/2. What is the units digit of d(h)?
1
Let x be -3*2/(-2 - 0). Suppose -x*i - 14 = -0*b - 4*b, 5*b - 3*i = 19. What is the units digit of (-6)/(-15) + 43/b?
9
Let n = 106 + -98. Let m be (3/2)/((-2)/(-4)). Suppose 4*s - n = 0, 0*z + m*z = -2*s + 43. What is the units digit of z?
3
Suppose 2*w - 3*b = 11, 4*w - 5*b + 3*b - 26 = 0. Let p(u) = u**3 - 6*u**2 - 5*u - 7. What is the units digit of p(w)?
7
Let w(h) = h**3 + 10*h**2 + 8*h - 9. Let t be w(-9). Suppose t*a - 43 = -a. What is the units digit of a?
3
Let l(g) = 4*g**2 + 5*g - 20. What is the units digit of l(5)?
5
Let h = 17 + -13. Let u(p) = 2*p - 5. What is the units digit of u(h)?
3
Let l(o) = o**3 - 6*o**2 + 7*o - 5. What is the units digit of l(5)?
5
Suppose -h - 4*h = 5*l - 15, -5*h = 2*l - 15. Let f = h - -2. What is the units digit of f?
5
Let f(z) = -2*z**3 + 1. Let a be f(-1). Suppose -a*i - 4 + 10 = 0. What is the units digit of i?
2
Let t(y) = y**3 - 3*y + 1. Let q be t(2). Suppose 5*k = q*k + 86. What is the tens digit of k?
4
Let d(r) = r**3 + 8*r**2 + r + 9. Let a be d(-8). Suppose 3*f + 4*p + a = 18, f - 11 = 4*p. What is the units digit of f?
7
Let k(s) = -s**2 + 28*s + 17. What is the hundreds digit of k(16)?
2
Suppose 7*c + 995 = 12*c. What is the tens digit of c?
9
Let v be 7 + -8 - 2/1. What is the tens digit of v + 3 + 4 - -21?
2
Suppose 12 + 68 = m - 5*s, 2*s + 68 = m. What is the tens digit of m?
6
What is the hundreds digit of 405*(-1 - 40/(-25))?
2
Let y be (3 + 2 + -7)*-1. Let p be (-34)/(-10) - 8/20. Suppose -y*v = v - p. What is the units digit of v?
1
Suppose -k - 10*k + 2035 = 0. What is the units digit of k?
5
Let f(z) = 3*z + 9. Let d = -2 + 9. What is the tens digit of f(d)?
3
Suppose a - 295 = -4*a. Suppose -a = -5*c - 14. What is the units digit of c?
9
Let o(h) = -h**3 - h**2 + 2*h. What is the units digit of o(-3)?
2
Let a = 20 - 17. Suppose 2*j + 16 = 4*q - 0, a*q + 2 = -2*j. What is the units digit of q?
2
Let m(w) be the third derivative of w**5/5 - w**4/12 + w**3/6 + 3*w**2. What is the units digit of m(1)?
1
Let o(j) = j**2 - 2*j - 12. Let z be o(5). Suppose -3*p + z = -66. What is the units digit of p?
3
Suppose -2*d + 8 = 2*n, -4*n + 4*d = -5*n - 11. What is the units digit of n?
9
Suppose 0 = 3*z - 8*z + 40. Suppose -5*f + 6 = -z*f. What is the units digit of (f/(-2) + 0)*4?
4
Let c be (2/(-4))/(3/(-54)). Let z(n) = n - 4. What is the units digit of z(c)?
5
Let o(t) be the second derivative of 4*t**4/3 + t**3/3 + t**2/2 + 4*t. What is the units digit of o(-1)?
5
Let q(w) = -w**3 - 7*w**2 + 6*w - 4. Let b be ((-16)/(-6))/((-5)/15). What is the units digit of q(b)?
2
Suppose m - 2*u = 48, -6*u - 39 = -m - u. Suppose -3*g = -0*g - m. Let p = g - 8. What is the tens digit of p?
1
Suppose 0 = -o + 3*b + 31, 0 = -3*b + 3. What is the units digit of o?
4
Suppose 2*b + 3*b - 2*c = 620, -4*b + 4*c = -496. What is the units digit of b?
4
Suppose 25 = 13*d - 8*d. What is the units digit of d?
5
Let x = 8 + -6. Let v(y) = x*y + 3 - 24 + 12. What is the units digit of v(7)?
5
Let u = 16 - -22. What is the units digit of u?
8
What is the tens digit of 704/10 + 10/25*-1?
7
Suppose 0 = -2*o - 2*j + 50, -5*j = o - 2*j - 27. What is the units digit of o?
4
Suppose -18 = -2*g + 4. What is the units digit of (-4)/6 - g/(-3)?
3
Suppose -2*t + 82 = -4*f, 0*t - 5*t + 5 = 0. Let l = -4 - f. What is the units digit of l?
6
Let f(g) = -4*g + 2. Let r be f(2). Let n(k) = -k**2 - 7*k. Let m be n(r). Let v = m - 0. What is the units digit of v?
6
Suppose q = -2*q + 24. What is the units digit of q?
8
Suppose k + 8 = 5*k. Let u be 1/(k/10*1). Suppose 5*p = -3*q + 4, -p + 4*q + 5 = -u. What is the units digit of p?
2
Suppose -5*t = -49 - 46. What is the units digit of t?
9
Suppose -4*u + 7 - 3 = 0. What is the units digit of 21 - 4/(u - -1)?
9
Let g = -23 - -16. Let a = g - -17. What is the units digit of a?
0
Let v be (6/9)/(2/9). Let y(q) = 2*q**2 + q - 2. What is the tens digit of y(v)?
1
Let l(k) = -k**3 + 3*k**2 + 3*k - 3. Let j be l(5). Let u = -24 - j. Suppose u - 2 = 4*a. What is the units digit of a?
3
Let c = 18 + 24. Suppose 3*p = -4*l + 47, 5*p + l - 8 = c. Let g = p - -2. What is the units digit of g?
1
Let u = -152 + 284. What is the hundreds digit of u?
1
Let t = 32 - 16. Suppose 0 = -5*l + 2*l. Suppose l = -4*a + t. What is the units digit of a?
4
Suppose -b - 1 + 10 = 0. Suppose 0 = u - 4*c + 3, -3*u = -3*c - b. Suppose d = -5*a + 9, -u*a - 3 = -3*d + d. What is the units digit of a?
1
Let u(h) be the third derivative of h**6/120 + h**5/12 - h**4/8 + 2*h**2. What is the units digit of u(-4)?
8
Suppose 0 = -j - 5*h - 5, -3*h = j + 4*j - 19. What is the units digit of j?
5
Let d = 144 + -83. What is the tens digit of d?
6
What is the units digit of (-6)/(-3) + 1/((-1)/(-205))?
7
Let s(c) = c**2 + 3*c + 3. Let n be s(-3). Suppose 0 = -n*d - 0*d. Suppose d + 2 = a. What is the units digit of a?
2
Suppose 0 = -3*b, 4 = 2*d + b - 0*b. Suppose -d*j - 10 = -3*j. What is the units digit of j?
0
Let z(t) = -2*t**3 + 0 - 5 + t**2 + 4 + 2 + 3*t. What is the units digit of z(-2)?
5
Let i(n) = -n**3 - 2*n**2 + n - 2. Let x be i(-3). What is the units digit of (-47)/(-7) - x/(-14)?
7
Let t = -46 + 78. Suppose k - t = -14. What is the tens digit of k?
1
Let o = -10 + 7. What is the units digit of (-2 + 5)/o*-1?
1
Let f(m) be the second derivative of 0*m**2 + 0 - 1/2*m**3 - 2*m. What is the units digit of f(-1)?
3
Let h(m) = -4*m + 106. What is the units digit of h(0)?
6
Let r = 191 - 131. What is the tens digit of r?
6
Suppose 2*m + 56 = 334. What is the hundreds digit of m?
1
Suppose 366 = 3*r - 5*u, 8*u = -r + 6*u + 133. What is the hundreds digit of r?
1
Suppose 0 = -4*v + 42 - 10. Suppose -4*d + 52 - v = 0. What is the tens digit of d?
1
Let r = -13 + -9. Let n = -7 - r. What is the tens digit of n?
1
Let t = 10 - 12. What is the units digit of (-1)/(-2) + (-1)/t?
1
Let p be (-16 - -5) 